?
-55
What is the value of 1 - (-62 + 4 + (-5 - (-10 + 13 + -3)))?
64
Evaluate 3 - (181 - 220 - (1 - 3)).
40
(31 - -49) + -24 + (10 - 1)
65
Calculate -62 - (15 - (-29 - -24 - -16)).
-66
What is the value of -1 + 0 + (70 - -27) - 33?
63
19 - (189 - 48 - 85)
-37
What is -5 + (11 + (-9 - 11) - -54)?
40
Calculate -9 - (0 + (130 - 134 - (-1 + -8) - 4)).
-10
What is -14 - 132 - -137 - (135 + (1 - 2))?
-143
Evaluate 2 + 141 + 9 + (-74 - -33) + (17 - -1).
129
What is 2 + 4 + -60 + 19 + 50?
15
Evaluate -67 - (116 + -261 + 204).
-126
What is the value of 19 - 15 - 0 - (-7 - (6 - -23))?
40
(8 - 4 - (5 + 1) - -21 - 10) + 37
46
Evaluate -163 + 172 - (14 - 6).
1
What is (-7 + 15 - -5) + 33 + -45 + 22?
23
Calculate 568 + -648 + -5 + 64.
-21
What is the value of 40 + (2 - (-13 - -47)) - (25 + (1 - 0))?
-18
-10 + 2 + 2 + (-12 - (27 + -13)) + -15
-47
What is 10 + -10 + -2 + 1 + -42 + 1?
-42
What is 3 + (15 - 14 - (6 + 0 + (-14 - -15)))?
-3
What is -858 + 847 - (7 - 29)?
11
13 + (-13 - (-18 - (9 - -1)))
28
73936 + -73924 - (1 + 83 - (-2 - -1))
-73
Calculate -30 + (43 + 119 - 13).
119
What is the value of -30346 - -30373 - (-1 + 0 + 16)?
12
-15 + (9 - -16) - (30 + -18)
-2
Calculate (-6 - ((14 + -3 + 0 - 9) + 0)) + 52.
44
(31 - 1) + 8938 + -8976 + (1 - 2)
-9
What is -1 + (0 - 8) - (149 + -214)?
56
Calculate -2 + 1 + (11 - 0 - (-20 - -29)) + -9.
-8
1 + 35 + (109 - -36) + -131
50
What is (-212 + 210 - (-13 + -1)) + (0 - (0 - -72))?
-60
What is the value of (29 - (-5 + -1 + 22) - 7) + 25?
31
Calculate 21 + -12 + 26 - (-4 + 2 - -3).
34
(-3 - (78 - (-4 - -3) - 0)) + (-249 - -247)
-84
What is the value of 277 + -189 - (95 + -24)?
17
What is the value of (-93 - 3) + 0 + (-7 - (-3 + 1 + -2))?
-99
Calculate -85 + 65 + -82 - (2 + 2) - -15.
-91
Calculate 6 + -12 + (-8 + 3 - -3) - (121 + -174).
45
What is (39 - 29) + (0 - 23) + 21 + 2?
10
(70 - (-108 + 159)) + (-28 - 0)
-9
What is 15 + (-19 - (5 - 8)) + -6 + 6 + -2?
-3
Evaluate (-50 - (-119 + (40 - -24))) + 1 + (59 - -1).
66
Evaluate (-36 - -1) + (-24 + 8 + 4 - -11).
-36
What is the value of -10 - -13 - (-80 - -147)?
-64
What is the value of (66 - 1 - (-2808 - -2847)) + (0 - 19)?
7
-33 - (-11 - (-11 + -2) - 14 - (-4 + -7))
-32
Calculate (116 - -3) + -146 + -14.
-41
Calculate 571 - 571 - (-2 - -15).
-13
-34 - (-9 + -23) - (-37 + -82)
117
What is -54 - (-21 - -13) - -15 - (2 + -9)?
-24
What is 46 + -6 - 16 - (-5 - (-4 - -5) - -1)?
29
What is -1 + 51 + 0 - (5161 - 5161)?
50
What is (3 - 2 - 14) + (29 - (72 + -64))?
8
Evaluate -43 - (-38 + 40 + -54).
9
Calculate 1 + (0 - -80) + 1192 + -1211.
62
What is (-31 - 41) + 2 - (-11 - (5 - 2))?
-56
What is the value of -3 - ((68 - 55) + -23 - (0 + 1))?
8
Evaluate -19 + ((14 - 7) + -22 - -29) - (-25 + -3).
23
Evaluate (-2 - -34 - (-13 - 27 - -50)) + -53.
-31
Evaluate 5 + 41 + 23 + -123.
-54
What is 318 + -304 + (5 - (0 + 1))?
18
What is the value of -24 + 114 + 16 - ((-1 - 11) + 26)?
92
-1 - (0 + 24 + -181 + 153)
3
What is the value of 2 + -12 + (-11 - (-13 - -26)) + 3?
-31
26 - (-24 - (-90 - -49))
9
Evaluate -67 + (-1 - 2) + 19 + (10 - 25 - -4).
-62
Calculate (3 - 8) + 16 - (-10 + 21 - (-64 + -6)).
-70
What is (4 - -2) + (-13 - (-18 - 1)) + 24?
36
What is -104 - (-128 + -2) - (32 + -4)?
-2
Evaluate (-3 - -1 - -21) + (300 - 231) + 22.
110
What is 2425 + -2461 + (2 - -49)?
15
What is (24 - 156) + 63 - -2?
-67
What is 65 + 0 + (-14 - -14) + (19 - 6) + 5?
83
What is 35 + 119 + 89 + -231?
12
What is (-61 - 1) + (-3155 - -3196)?
-21
Evaluate -7 + -2 - ((-40 - -71) + -7 + (-63 - 4)).
34
What is the value of (-31 - (-14 - 6)) + -4 + 52?
37
4 + -4 - (95 + -62)
-33
Calculate 81 + -125 + 129 + (5 - 3) + -3 + 0.
84
Calculate 1683 - 1654 - (-4 - (4 + 0 + -4)).
33
Calculate 1 - 39 - (19 - -83 - 173).
33
-20 - ((4 - (1 + 4)) + 1 + 0 + 1)
-21
What is the value of -7 - (-22 + -11) - (-32 - -43) - -3?
18
What is the value of -45 + 33 + 2 + 30?
20
What is the value of (-16 + -74 - -88) + 9?
7
What is the value of -28 - (-50 + 88 + -71) - (15 - (-1 - -2))?
-9
What is the value of 74 + (-11 - -80) + -95?
48
Evaluate 3 + -7 + 30 + -5 + (11 - 7) + 8.
33
-299 + 372 - (84 - 4)
-7
Evaluate 64 + -32 + 69 + -64.
37
-24 + (10 - -21) - (30 + -1)
-22
Evaluate (-99 - (-66 - -29)) + 17.
-45
(180 + -74 - 103) + -12 + 0 + 0
-9
What is the value of -21 + -83 + 113 + -42?
-33
What is the value of 86 - (-9 + 14 + 29 + -1)?
53
What is the value of -9 + 3 - (-5 + 0 - 20) - (-4 + -4)?
27
Calculate 10 - (34 + -16 + 6 + 15).
-29
(-8 - -9) + -36 + -2 + 56 + -59
-40
What is (-5 - 46 - -12) + 8 - (12 - 26)?
-17
Calculate -13 + 18 + 5 + -22 + 10.
-2
What is the value of 51 + (10 - (88 - 1))?
-26
17 - (-2 + 3 - -8 - (21 - 2))
27
Calculate 164 - (-9 - (-128 - -34)).
79
85 - 102 - (-4 + 5 + -7 - -6)
-17
What is the value of 11 + 6 + (-50 - -51 - (48 + -2))?
-28
What is 13 - (-4 - (11 + 7) - -15)?
20
Calculate 280 + -212 + (35 - -32).
135
(0 - -2 - 11) + (71 - 26 - (-3 - -4))
35
Evaluate 15 + (-6 - -4) - 24 - -84.
73
Evaluate 1824 + -1810 - (27 - 0).
-13
What is the value of -255 + 176 - (1 - (17 + -19 + 4 + 1))?
-77
What is the value of 84 - (56 + -37 + 134)?
-69
Calculate 50 - 6 - (-5 - (15 - (4 + 16))).
44
What is the value of -57 + 2 + 44 + 54?
43
What is the value of 30 - 1 - (-1221 - -1209) - 40?
1
What is the value of 19 - (-8 + 17 + -11 + -4 - -13)?
12
Calculate -54 - (12 - 6) - (-23 + 17) - (4 + 9).
-67
Calculate 18 + -17 - (-3 + -24).
28
What is 199 + -190 - (-3 + -36 + -1 + 0)?
49
Evaluate -3 + 1 - (-80 + -1 + 37 + -13).
55
Evaluate (127 - -11 - 37) + (-2 - 1).
98
Evaluate (-10 - (5 + -5)) + 29 + -63 + -36.
-80
(-584 + 712 - (21 - 1)) + (4 - 2 - 13)
97
10 + 4 + (-28 - -17) + -71 + 16
-52
What is the value of -18 + -56 + 12 + 30 + 92?
60
Calculate 55 + (-67 - (-31 + 1)).
18
-22 + (35 - (1 + 13)) - 32
-33
What is (0 - 85) + -15 + (-2 - (2 + -14 + -14))?
-76
Calculate (-1 - -2) + 1 + 70 + 5 + -2 + -16.
59
Calculate -8 - (5 - (10 - (-5 - -19) - 26)).
-43
What is the value of (7 + -4 + -4 - 3) + (436 - 463)?
-31
What is 2 + (-9 - 74) + 11 + (-20 - -19)?
-71
-74 + -72 + 83 + 64
1
Calculate -194 + 200 + (8 - (-4 + 10 - 6)).
14
Evaluate -30 - (3 - 19) - (-64 + 2).
48
What is the value of -2376 + 2428 + (-1 - 78)?
-27
What is the value of (21 + 33 - 55) + 8?
7
Calculate -23 + 51 - (16 + 110 + -11).
-87
What is (36 - 15 - 74) + (-122 - -131)?
-44
Evaluate (-139 - (213 - 415)) + (-2 - -18).
79
Evaluate -22 - (7 + 0 + -14 + -1) - -29.
15
Evaluate 14 - (-82 - -105 - (-2 - -12)).
1
What is 9 - 4 - -72 - (-28 - (22 + -14 + -34))?
79
What is -55 - ((37 - -23) + -39)?
-76
74 + (22 - (1 - -51)) + (0 - 1 - 11)
32
What is (-1 - 6) + (35 + -34 - 19) + -5?
-30
What is the value of -9 + -4 + 9 + 11 + 30 + -9?
28
Evaluate -27 + (4 - -1) + (86 - 91).
-27
What is -19 + 2 - (-15 + (6 - 80) - -14)?
58
What is the value of -133 + (415 - 149) - (0 - (1 + (-2 - 2)))?
130
What is -13 + (-22 - -19 - (-2 - 8)) + (2 - 17)?
-21
Calculate -8332 - -8327 - (17 - -1).
-23
Evaluate 0 - (23 + (-3 - 4)) - (65 - 151).
70
What is the value of -10 + (-3 - -15 - (7 + 9)) - -12?
-2
Calculate -9 - -3 - ((459 - 393) + (2 - 0)).
-74
Evaluate 15 + -6 + (-49 - (12 + 5 - 8)).
-49
33 + (-40 - (21 + -35)) + -3 + (4 - -1)
9
Evaluate (22 - 20) + (-8 + 7 + 5 - 49).
-43
What is 15775 - 15706 - (-1 + -18)?
88
What is the value of (-26 - -35) + -40 + 22?
-9
Evaluate (-10 - -1) + (-19 + (-21 - -21 - 14) - -26).
-16
Evaluate ((-22 - -8 - -2) + 13 - 8) + 16.
9
Calculate 4 + -24 + -17 - (-5 + 3 + 12).
-47
Calculate (13 + 1 + -1 - 1) + (3146 - 3189).
-31
Calculate 17 + -3 + 4 + (3 - 32).
-11
Calculate -3 - ((17 + 2 + -16 - 66) + 5).
55
0 - (-82 + 0) - (-59 - -42 - -20)
79
Calculate 8 - (33 + (29 - 24) - -29).
-59
What is -254 + 374 + 3 + -13 + -7?
103
What is the value of 4 + -2 + -104 + (-11 - -37) + -3?
-79
What is the value of 5776 - 5900 - (-78 - 0)?
-46
What is the value of (3737 - 3740) + 1 + 73?
71
Calculate 173 + -163 - (0 - -4) - -35.
41
What is the value of -21 - (-5 + (-22 - -23))?
-17
What is the value of ((-1 - 11) + 35 + -36 - 9) + 11?
-11
What is (15 - -1) + (157 - (-114 - -284))?
3
Calculate (-37 - (18 + -11 + -4)) + -6.
-46
-76 + 49 + 106 - 69
10
0 - -4 - (401 + -410)
13
-4 + (-10 - -5) + (-10 + 2 - 7) + 26
2
Calculate (-306 - -217) + 2 + 156.
69
Calculate 102 - 15 - (-7 